d by 324616.
1022
What is the remainder when 533070 is divided by 201?
18
What is the remainder when 10334734 is divided by 18?
16
Calculate the remainder when 27446450 is divided by 9148812.
14
Calculate the remainder when 71502 is divided by 7874.
636
Calculate the remainder when 43834813 is divided by 219.
211
What is the remainder when 9160758 is divided by 3053583?
9
Calculate the remainder when 683745 is divided by 113493.
2787
What is the remainder when 3589799 is divided by 512806?
157
Calculate the remainder when 4702523 is divided by 587813.
19
What is the remainder when 4467995 is divided by 406180?
15
What is the remainder when 6788755 is divided by 4544?
19
Calculate the remainder when 216191 is divided by 2702.
31
What is the remainder when 509824 is divided by 123?
112
Calculate the remainder when 24853101 is divided by 76.
37
What is the remainder when 10763 is divided by 10525?
238
Calculate the remainder when 88993 is divided by 22218.
121
What is the remainder when 97688200 is divided by 153?
148
Calculate the remainder when 159821 is divided by 52302.
2915
Calculate the remainder when 181758 is divided by 403.
5
Calculate the remainder when 781063 is divided by 780627.
436
Calculate the remainder when 3250939 is divided by 2216.
67
What is the remainder when 118288 is divided by 9840?
208
Calculate the remainder when 1196384 is divided by 8320.
6624
Calculate the remainder when 39122822 is divided by 56.
46
What is the remainder when 44507 is divided by 11082?
179
What is the remainder when 756529 is divided by 26087?
6
Calculate the remainder when 1116136 is divided by 5364.
424
What is the remainder when 51389241 is divided by 1541?
1514
Calculate the remainder when 159623500 is divided by 1327.
1324
Calculate the remainder when 12710699 is divided by 74.
15
Calculate the remainder when 24859 is divided by 1124.
131
What is the remainder when 22097926 is divided by 103?
100
Calculate the remainder when 297065804 is divided by 208.
204
Calculate the remainder when 149950018 is divided by 1005.
1003
Calculate the remainder when 270038 is divided by 45006.
2
What is the remainder when 521811 is divided by 2999?
2984
Calculate the remainder when 3269005 is divided by 2405.
610
Calculate the remainder when 5030255 is divided by 1257561.
11
What is the remainder when 223204 is divided by 219?
43
What is the remainder when 1356156 is divided by 374?
32
What is the remainder when 205208 is divided by 2573?
1941
What is the remainder when 23281930 is divided by 26?
22
Calculate the remainder when 9207 is divided by 3581.
2045
What is the remainder when 8008 is divided by 363?
22
Calculate the remainder when 4065598 is divided by 616.
614
What is the remainder when 7999 is divided by 5714?
2285
What is the remainder when 2588397 is divided by 760?
597
Calculate the remainder when 3461584 is divided by 576923.
46
What is the remainder when 535350 is divided by 19827?
21
What is the remainder when 71543 is divided by 35680?
183
Calculate the remainder when 2899125 is divided by 253.
251
Calculate the remainder when 153562506 is divided by 146.
144
What is the remainder when 7155718 is divided by 327?
304
What is the remainder when 9133259 is divided by 10367?
10299
Calculate the remainder when 4215453 is divided by 125.
78
Calculate the remainder when 6593027 is divided by 4312.
4291
Calculate the remainder when 109873969 is divided by 5391.
5389
What is the remainder when 133587767 is divided by 10?
7
What is the remainder when 8340915 is divided by 6974?
11
Calculate the remainder when 228285 is divided by 14193.
1197
What is the remainder when 30118103 is divided by 11188?
7
What is the remainder when 16596167 is divided by 1359?
59
Calculate the remainder when 7037715 is divided by 7037713.
2
Calculate the remainder when 888672 is divided by 8305.
37
What is the remainder when 523896 is divided by 6691?
1998
What is the remainder when 2355556 is divided by 126?
112
Calculate the remainder when 4344924 is divided by 64.
28
What is the remainder when 25112 is divided by 887?
276
Calculate the remainder when 2475680 is divided by 206305.
20
What is the remainder when 54662 is divided by 18199?
65
Calculate the remainder when 3119813 is divided by 1737.
161
Calculate the remainder when 385617 is divided by 4284.
57
What is the remainder when 38586090 is divided by 311?
9
What is the remainder when 6408227 is divided by 343?
301
What is the remainder when 21788997 is divided by 921?
900
What is the remainder when 17513831 is divided by 85852?
23
What is the remainder when 9905758 is divided by 90?
88
What is the remainder when 17248 is divided by 7304?
2640
What is the remainder when 896 is divided by 85?
46
Calculate the remainder when 58252911 is divided by 1213602.
15
Calculate the remainder when 516339645 is divided by 454.
451
Calculate the remainder when 539263 is divided by 241.
146
What is the remainder when 1701 is divided by 1573?
128
Calculate the remainder when 637684 is divided by 271.
21
What is the remainder when 10133845 is divided by 633364?
21
Calculate the remainder when 2366675 is divided by 61.
58
What is the remainder when 201390314 is divided by 47?
14
What is the remainder when 1530979 is divided by 4542?
325
Calculate the remainder when 24200107 is divided by 24200099.
8
Calculate the remainder when 16952537 is divided by 34597.
7
Calculate the remainder when 401019 is divided by 21103.
62
Calculate the remainder when 25373029 is divided by 19.
11
What is the remainder when 4514138 is divided by 4115?
4098
What is the remainder when 423084 is divided by 3846?
24
What is the remainder when 485986 is divided by 199?
28
What is the remainder when 158341 is divided by 16674?
8275
What is the remainder when 217595 is divided by 2367?
2198
Calculate the remainder when 686016022 is divided by 85752002.
6
Calculate the remainder when 483945 is divided by 1077.
372
What is the remainder when 9232431 is divided by 292?
267
What is the remainder when 605019 is divided by 524?
323
Calculate the remainder when 18148614 is divided by 412.
14
Calculate the remainder when 89693 is divided by 1499.
1252
Calculate the remainder when 66685 is divided by 16633.
153
What is the remainder when 137208 is divided by 27068?
1868
Calculate the remainder when 981914 is divided by 8.
2
Calculate the remainder when 162006577 is divided by 164.
161
What is the remainder when 1331941 is divided by 195?
91
Calculate the remainder when 287524 is divided by 287478.
46
Calculate the remainder when 1879355 is divided by 26.
23
What is the remainder when 615646 is divided by 57?
46
Calculate the remainder when 127821 is divided by 947.
923
What is the remainder when 46606161 is divided by 114?
111
Calculate the remainder when 188550 is divided by 31423.
12
Calculate the remainder when 185729 is divided by 67.
5
Calculate the remainder when 253801996 is divided by 950.
946
Calculate the remainder when 73175529 is divided by 5.
4
What is the remainder when 101887 is divided by 2987?
329
Calculate the remainder when 186468 is divided by 1605.
288
What is the remainder when 281089 is divided by 140508?
73
Calculate the remainder when 215315 is divided by 71574.
593
Calculate the remainder when 161487 is divided by 161431.
56
Calculate the remainder when 83731288 is divided by 5826.
16
Calculate the remainder when 1353475 is divided by 3193.
2836
Calculate the remainder when 1948660 is divided by 243580.
20
Calculate the remainder when 1100905 is divided by 9734.
963
Calculate the remainder when 1009982 is divided by 2944.
190
What is the remainder when 66756739 is divided by 188?
7
What is the remainder when 1767929 is divided by 1145?
49
Calculate the remainder when 1795059 is divided by 605.
24
What is the remainder when 142357639 is divided by 47?
44
Calculate the remainder when 5235945 is divided by 458.
89
What is the remainder when 3435328 is divided by 3435306?
22
Calculate the remainder when 20071491 is divided by 182.
167
Calculate the remainder when 8475 is divided by 1231.
1089
Calculate the remainder when 12293880 is divided by 802.
22
Calculate the remainder when 67330703 is divided by 182468.
11
What is the remainder when 98450 is 